rue
Is 145367297 a composite number?
False
Is 48011087 a prime number?
False
Is 660081567 prime?
False
Is 115309 a prime number?
True
Is 54743603 prime?
False
Is 12335929 prime?
False
Is 909371 a prime number?
True
Is 548123159 a composite number?
False
Is 34555777 a prime number?
True
Is 19712933 a composite number?
False
Is 429669589 a prime number?
False
Is 917509 composite?
True
Is 1108843 composite?
True
Is 91570387 a prime number?
True
Is 4341371 a composite number?
False
Is 14510893 prime?
False
Is 2961847 a composite number?
True
Is 335717359 prime?
False
Is 807691487 a prime number?
True
Is 3900223 a prime number?
True
Is 2984519 composite?
True
Is 400638657 a composite number?
True
Is 418632931 prime?
True
Is 1699411 a composite number?
True
Is 95242469 a composite number?
True
Is 57932411 a prime number?
True
Is 24738821 composite?
False
Is 4656831 composite?
True
Is 27614303 a composite number?
False
Is 39364657 a prime number?
True
Is 1156007 a composite number?
True
Is 3699277 a prime number?
True
Is 12177653 a composite number?
True
Is 213720383 a prime number?
False
Is 62171671 composite?
False
Is 937952947 composite?
False
Is 1146446489 prime?
True
Is 2008729 composite?
False
Is 38635637 prime?
True
Is 35710079 prime?
False
Is 9779005 a composite number?
True
Is 3070061 a composite number?
False
Is 290176699 prime?
False
Is 17105593 a prime number?
True
Is 5830763 prime?
True
Is 11033401 a prime number?
False
Is 265757 a prime number?
True
Is 10801459 a prime number?
True
Is 9861746 prime?
False
Is 14963477 prime?
True
Is 3914747 a prime number?
True
Is 3038111 prime?
True
Is 1386139 a composite number?
False
Is 723061 composite?
True
Is 528449 a prime number?
False
Is 6805987 a prime number?
True
Is 1171783 a composite number?
False
Is 1513319 a composite number?
False
Is 55277 prime?
False
Is 2144799937 a prime number?
False
Is 11015941 a composite number?
False
Is 191689 prime?
True
Is 10551173 prime?
True
Is 176295877 a prime number?
False
Is 10931209 a prime number?
False
Is 8543641 prime?
True
Is 183818 composite?
True
Is 17105327 a composite number?
False
Is 375591 a composite number?
True
Is 776570461 a prime number?
True
Is 82601473 a composite number?
False
Is 32685281 a composite number?
False
Is 523031 a prime number?
True
Is 4741993 composite?
True
Is 20573015 composite?
True
Is 498067 a composite number?
True
Is 564186206 a composite number?
True
Is 198307019 a composite number?
False
Is 15215185 prime?
False
Is 21563761 composite?
True
Is 37601033 a composite number?
False
Is 87348479 prime?
False
Is 6683351 a composite number?
False
Is 47573459 prime?
True
Is 12666029 a prime number?
True
Is 78900677 a prime number?
False
Is 5502179 composite?
False
Is 5069663 a composite number?
False
Is 261115 prime?
False
Is 970687 prime?
True
Is 17224807 a prime number?
True
Is 23123053 composite?
True
Is 13499393 composite?
True
Is 169627 a prime number?
True
Is 670849 a prime number?
True
Is 14476981 composite?
False
Is 20643871 a composite number?
True
Is 142245323 prime?
False
Is 1160300833 composite?
False
Is 1666151 composite?
False
Is 97735987 a composite number?
False
Is 44995045 a prime number?
False
Is 338493 a composite number?
True
Is 15380791 a prime number?
True
Is 64128247 prime?
True
Is 14476447 prime?
True
Is 2420931 a composite number?
True
Is 7409882 a composite number?
True
Is 14407495 composite?
True
Is 44920709 a prime number?
False
Is 29382499 composite?
True
Is 594671227 composite?
False
Is 1000527667 composite?
False
Is 21888879 composite?
True
Is 14027577 composite?
True
Is 1058489 prime?
True
Is 805417 prime?
False
Is 270577741 a prime number?
False
Is 653971 composite?
True
Is 1848751 composite?
False
Is 72264371 composite?
False
Is 336780001 composite?
True
Is 21532765 a composite number?
True
Is 320367167 a composite number?
False
Is 71641261 composite?
False
Is 3671333 prime?
True
Is 44957411 prime?
True
Is 239231 a composite number?
False
Is 9923417 composite?
True
Is 1196133 a composite number?
True
Is 119412071 prime?
True
Is 12068029 composite?
True
Is 174368867 prime?
True
Is 16852327 a composite number?
False
Is 299881 composite?
False
Is 27991549 composite?
False
Is 20652595 a composite number?
True
Is 3991087 composite?
False
Is 1317395249 prime?
False
Is 773863 composite?
False
Is 48179543 prime?
True
Is 12721157 a prime number?
True
Is 45715937 composite?
False
Is 142496117 composite?
False
Is 320867 composite?
False
Is 91407557 prime?
True
Is 154685417 prime?
True
Is 6103609 a composite number?
True
Is 38673787 a composite number?
True
Is 2179921 prime?
True
Is 46304707 prime?
False
Is 25981297 prime?
True
Is 29114567 composite?
False
Is 33753247 prime?
False
Is 778507 prime?
True
Is 7355819 composite?
False
Is 4454497 a prime number?
False
Is 190974097 a prime number?
False
Is 6086609 a composite number?
True
Is 354535031 composite?
False
Is 2767841 prime?
False
Is 871086641 prime?
False
Is 38388307 composite?
False
Is 64483759 a composite number?
False
Is 511676849 a prime number?
True
Is 148183421 prime?
True
Is 1425427 a composite number?
False
Is 1733761639 a prime number?
True
Is 10274515 a prime number?
False
Is 1804579 composite?
True
Is 14525389 composite?
True
Is 68473 a prime number?
True
Is 186279607 composite?
True
Is 109413971 a composite number?
False
Is 98934635 a composite number?
True
Is 43916527 a composite number?
True
Is 48135155 a prime number?
False
Is 494587 prime?
True
Is 231639866 prime?
False
Is 7052897 prime?
False
Is 4044943 a composite number?
True
Is 14686507 composite?
True
Is 48814237 prime?
True
Is 332582241 a prime number?
False
Is 119043439 composite?
True
Is 33911693 composite?
True
Is 2571001 a prime number?
True
Is 2144426 a prime number?
False
Is 390044569 composite?
False
Is 80374799 composite?
False
Is 17161559 composite?
True
Is 18293081 prime?
False
Is 2204222 prime?
False
Is 12799021 a composite number?
False
Is 317457061 a prime number?
True
Is 710389 composite?
False
Is 23624227 prime?
False
Is 11401161 prime?
False
Is 13615687 a prime number?
False
Is 2378837 prime?
False
Is 16237301 a composite number?
False
Is 160621273 composite?
False
Is 7704857 a composite number?
True
Is 21971603 prime?
True
Is 20264663 prime?
False
Is 15332561 a prime number?
False
Is 14598817 a prime number?
True
Is 143455579 composite?
True
Is 252923 prime?
False
Is 44262073 composite?
True
Is 126854411 prime?
True
Is 113244839 a composite number?
False
Is 9990179 composite?
True
Is 34813519 a composite number?
True
Is 253533787 prime?
False
Is 18406489 prime?
True
Is 1438544749 prime?
True
Is 32743057 a prime number?
False
Is 3908479 composite?
True
Is 2678761 a prime number?
False
Is 3177309 a prime number?
False
Is 622649 a prime number?
False
Is 37941649 composite?
False
Is 4770487 a composite number?
False
Is 300206017 prime?
True
Is 4055903 composite?
True
Is 555967 a prime number?
True
Is 2967887 a composite number?
True
Is 11416583 a composite number?
False
Is 1818941 a composite number?
True
Is 534248269 prime?
True
Is 3151319 a composite number?
False
Is 2396729 prime?
False
Is 31753573 prime?
False
Is 9311161 prime?
False
Is 30106597 composite?
True
Is 99865751 prime?
True
Is 79548199 prime?
False
Is 91099493 prime?
True
Is 2757211 composite?
False
Is 87250519 a composite number?
True
Is 12443959 a prime number?
False
Is 6690787 a prime number?
True
Is 57260693 composite?
True
Is 2290877 a composite number?
True
Is 19803737 composite?
False
Is 1974121 prime?
True
Is 294661 a composite number?
True
Is 820579 a composite number?
True
Is 3757106 composite?
True
Is 582821117 prime?
False
Is 104409533 a prime number?
True
Is 2076127 prime?
False
Is 3150473 prime?
False
Is 18202391 a prime number?
False
Is 84809 prime?
True
Is 658763 a composite number?
True
Is 12425443 a prime number?
True
Is 44089853 composite?
False
Is 47788031 a prime number?
True
Is 3531887 composite?
False
Is 439218163 a prime number?
True
Is 11109803 a composite number?
False
Is 46199879 composite?
True
Is 70160929 a prime number?
False
Is 25880969 a prime number?
False
Is 32772995 prime?
False
Is 2725031 prime?
False
Is 444443 prime?
True
Is 606073661 prime?
True
Is 27688187 